e hundreds digit of j?
1
Let h = -19320 - -26328. What is the units digit of h?
8
Suppose 19*y - 28 = 5*y. Suppose s + 4*b = 22, 0 = -7*s + 3*s - y*b + 32. Suppose -s*n + 202 = -224. What is the units digit of n?
1
Let t = 370 + -352. Suppose -2*x - 3*j = -1618, -x + 16*j + 810 = t*j. What is the tens digit of x?
0
Let m = -11449 + 14502. What is the units digit of m?
3
Suppose 0 = -4*k + 241 - 225. Suppose k*b + b = 3*q - 1460, -4*q + 4*b = -1952. What is the tens digit of q?
9
Suppose i + 4*o - 1 = 0, 0 = -0*i - i - 5*o + 4. What is the hundreds digit of 1286/(-4)*i/(11/2)?
6
Suppose -3*k + 143170 = -c, -96524 - 46644 = -3*k - c. What is the ten thousands digit of k?
4
Suppose -3*h - h - 12 = 0, -3 = w + 4*h. Let z(f) = -948351*f + 18 + 2 + 948366*f. What is the tens digit of z(w)?
5
Let z = -107 + 101. Let p(l) = -2*l**3 - l**2 - 14*l - 14. What is the hundreds digit of p(z)?
4
Suppose 385*h - 59924 = -3*a + 389*h, -3*a + h = -59927. What is the units digit of a?
6
Let z(u) = -u**3 + 39*u**2 + 283*u - 76. What is the thousands digit of z(37)?
3
Suppose -48 = 3*m - 5*m + 4*l, 0 = 2*l + 6. Suppose -m*b - 1770 = -4362. What is the tens digit of b?
4
Suppose 5*x = -2*z + 12 + 8, 3*z = 4*x + 7. Let j be (0 - 2) + (16/1)/x. Suppose -j*k + 2832 = 6*k. What is the hundreds digit of k?
2
Let r = 1369 - -23815. What is the tens digit of r?
8
Let m = -412 - -80. Let w = m - -453. What is the hundreds digit of w?
1
Let y(b) = -b**3 - 2*b**2 + 7*b + 1. Suppose -16 = 4*r - 0*r. Let h be y(r). What is the units digit of h + 141/(-27) - 94/(-18)?
5
Let m(o) = -2*o**3 - 22*o**2 - 182*o + 83. What is the tens digit of m(-26)?
9
Suppose 0 = 12*s - s - 198. Let h(v) = v**3 - 16*v**2 + 25*v - 12. What is the units digit of h(s)?
6
Suppose -3*q + 2*g + 27461 = 0, -710*q - 2*g = -711*q + 9147. What is the hundreds digit of q?
1
Let k(c) = 5*c**2 + 17*c + 285. Let s = -766 + 751. What is the thousands digit of k(s)?
1
Let n = 4520 - -2139. What is the hundreds digit of n?
6
Suppose -6*x = -22*x + 224. Suppose 8*h - 396 = -x*h. What is the tens digit of h?
1
Suppose 3*a - 4452 = -3*x, -a - 2960 = -2*x - 5*a. Suppose -s - x = -7*s. What is the tens digit of s?
4
Suppose -m + 29 = 32. Let n(d) = -d**3 - 11*d**2 - 9*d + 7. Let y be n(-10). What is the hundreds digit of (-321)/y - 0/4 - m?
1
Suppose -10 = -3*g - 1. Let x(u) = -2*u**2 + 160 - 2*u - 4*u**2 + 4*u**2 + g*u**2. What is the hundreds digit of x(0)?
1
Let l(j) = -36*j**3 - 3*j**2 - 19*j - 186. What is the tens digit of l(-8)?
0
Let g(y) = -4*y**2 - 11*y + 7. Let b be g(-3). Let w(p) = 3*p**3 + p**2 - p - 8. What is the tens digit of w(b)?
9
Let d(t) = 2*t**2 - 11*t - 60. Let w(g) = g**2 + 31*g - 85. Let b be w(-33). What is the hundreds digit of d(b)?
8
Let k(g) = -g**2 + 9*g - 82. Let f be k(-16). Let i = f - -926. What is the hundreds digit of i?
4
Suppose n + 963 = 3*d - 102, 5*n + 5*d = -5305. Let t = n - -1568. What is the hundreds digit of t?
5
Suppose 5*s + 195 = 4*u - 0*s, 60 = u - 5*s. Let i be (-120)/u - 1/3. Let j(y) = -5*y**3 - 2*y**2 - 5*y - 3. What is the tens digit of j(i)?
2
Let v = -8177 - -14637. What is the tens digit of v?
6
Suppose -57 = -5*h + 4198. Suppose k - 839 = -2*a, -2*a - 21*k + 24*k = -h. What is the units digit of a?
1
What is the ten thousands digit of (-160)/(-1040) + (-518256)/(-13)?
3
Let r(t) = 20 + 144*t - 850*t + 19. What is the hundreds digit of r(-2)?
4
Let m be (6 + -7)/(2/(-562) + 0). Let v = m + -94. Suppose 0 = 3*h - v - 44. What is the tens digit of h?
7
Suppose 3*q - 24 = 252. Let i = -85 + q. Suppose -i*g + 1152 = 2*g. What is the units digit of g?
8
Suppose v + 17 = -4*k, 7*v - 4*v + 72 = -5*k. Let x = v - -75. What is the tens digit of 9*(-3)/(-6)*x?
0
Let i be (2/(-6) - -1) + (-44954)/(-6). Suppose 18*y + 977 = i. What is the units digit of y?
2
Let o = 74 + -71. Let s(h) = -8*h + o*h - 4*h - 3*h + 40. What is the units digit of s(-4)?
8
Let n(y) = -y**2 - 5*y + 6. Let x be n(-6). Suppose -4*z + 41 = 3*d, x = 4*d + z + 30 - 89. What is the units digit of (3 - 6 - d/(-3)) + -1?
1
Let t = -32606 + 21998. What is the hundreds digit of (t/(-119))/((-1)/(-7))?
6
Let n(f) = f**2 + 14*f - 22. Let b be n(-27). Let a = 665 - b. What is the hundreds digit of a?
3
Let k = 20996 + -32181. What is the units digit of (-6)/9 - k/15?
5
Let w = 64953 + -1261. What is the hundreds digit of w?
6
Let o = 135 - 605. What is the hundreds digit of (24 + -38)*o/4?
6
Suppose -41 = -16*p + 248407. What is the thousands digit of p?
5
Let b be ((-1308)/(-15))/(6/(-30)). Let x = b - -744. What is the hundreds digit of x?
3
Let x = 206 - 198. Suppose 0 = -6*o + x*o - 136. What is the tens digit of o?
6
Let d be 4/(-22) - 336/(-33). Let f be ((-4)/d)/((-1)/(-5)*1). Let o = 79 + f. What is the tens digit of o?
7
Suppose 5*u = 37 - 17. Suppose 16 = -3*s + 3*d + 88, -s + u*d = -9. Suppose 100*k - 101*k = -s. What is the tens digit of k?
2
Let h(d) = -285*d - 1154. What is the hundreds digit of h(-27)?
5
Suppose h + 1879 = 3*w, -110 + 2647 = 4*w + 5*h. Let t = w + -442. What is the hundreds digit of t?
1
Let c(j) = 29*j**3 + 3*j**2 + 2*j + 1. Let p(s) = 86*s**3 + 8*s**2 + 5*s + 2. Let k(b) = 8*c(b) - 3*p(b). Let y = -1 - 0. What is the tens digit of k(y)?
2
Let h(k) = -440*k - 1575. What is the hundreds digit of h(-10)?
8
Suppose 147*y - 257*y - 160734 = -131*y. What is the tens digit of y?
5
Suppose z - 4*f - 35454 = 0, -4981*z = -4978*z + 5*f - 106396. What is the thousands digit of z?
5
Suppose -3*o + 5*d - 13 = 1, 5*d = -3*o + 26. Suppose -o*l - c + 158 - 35 = 0, 3*l = -2*c + 182. What is the units digit of l?
4
Suppose 0 = 5*g - 3*d - 122773, -2*d + 60996 = 2*g + 11890. What is the units digit of g?
4
Let t(n) = -13*n**3 - 11*n**3 + 16*n**2 - 18*n + 25*n**3 - 11. Let l be t(-17). Suppose 0 = w + 4*x - 12, l*w - w = -x + 136. What is the units digit of w?
8
Let s = 26 + 14. Let u = 38 - s. What is the tens digit of (u*(-2)/12)/((-2)/(-642))?
0
Let t = 44601 + -30515. What is the thousands digit of t?
4
Suppose -33 + 761 = 13*c. Suppose 254 = 3*u + c. What is the tens digit of u?
6
Suppose -b = 159 - 30. Let q = b + 125. What is the hundreds digit of (3/q*-246)/(42/56)?
2
Let l(q) = -q**3 + 16*q**2 + q - 11. Let g be l(16). Let o(u) = 12*u**2 + 4. Let c be o(-3). Suppose -s - c = -g*s. What is the units digit of s?
8
Let m = -28 + 35. Suppose -r = 5*h - 6279, 2*r = 2*h - m*h + 6278. What is the thousands digit of h?
1
Let a be 3/(-5) - ((-324)/20)/(-3). Let x be (8/a)/((-14)/21). Suppose 0 = -x*m - 212 + 736. What is the tens digit of m?
6
Let m(s) = -s**2 - 19*s + 6. Let h be m(-19). What is the tens digit of (-1 - h)*69012/(-497)?
7
Let l = -4424 + 6890. What is the thousands digit of l?
2
Suppose 0*b - 12 = -b - 2*w, 5*b - 36 = -4*w. Suppose b*a + 271 = c, 0*a - 514 = -2*c + a. Let t = -85 + c. What is the hundreds digit of t?
1
Let l(g) = 2756*g - 129. What is the tens digit of l(2)?
8
Let p = 45609 + -31656. What is the hundreds digit of p?
9
Suppose -3*c + 2*b = 1250, c = -8*b + 6*b - 406. Let f = c - 498. What is the units digit of (-3*f/45)/(1/5)?
4
Let g(b) = 155*b + 37. Let a be g(-6). Let o = 2015 + a. What is the thousands digit of o?
1
Suppose -5*q + 15 = 0, 0 = -5*p - 5*q + 170 - 15. Suppose -p - 122 = -3*w. Suppose -2*l = 3*j - 271 + w, 0 = -4*j - 4*l + 300. What is the units digit of j?
1
Let t(i) = 31*i**2 - 78*i + 18. Let o be t(8). Let c = o - 806. What is the tens digit of c?
7
Suppose -48 - 34 = -2*p + 5*w, -5*p + 2*w = -184. Suppose -2*f + p = -174. What is the hundreds digit of f?
1
Let y = 298 + -299. What is the hundreds digit of 9/((y/(-106))/((-1)/(-2)))?
4
Suppose -8393292 = -133*d - 79*d. What is the hundreds digit of d?
5
Let i = 1170 - 207. What is the hundreds digit of i?
9
Suppose 3*i + 1 = 22. Suppose 0 = s + 4*h - i*h - 21, -4*h - 34 = -2*s. Let m(w) = w**2 + 2*w - 14. What is the units digit of m(s)?
5
Suppose 13*r = 6120 + 4722. Suppose -2*l - 1355 = -5*n, 2*l + l - r = -3*n. What is the units digit of n?
3
Let k be (1 - 1)*(-17)/(-119). Let g(m) = m**2 - 16*m + 72. What is the tens digit of g(k)?
7
Let y be (0*5/25)/(-3). Suppose y = -2*h - 2*c - 58, h = -2*c + 4*c - 29. Let n = h - -55. What is the tens digit of n?
2
Let s(w) = 7*w**2 - 10*w - 33. 